mon divisor of 210 and 50?
10
What is the greatest common divisor of 483 and 21?
21
Calculate the highest common factor of 105 and 665.
35
Calculate the highest common divisor of 627 and 456.
57
Calculate the highest common divisor of 1536 and 6.
6
Calculate the highest common divisor of 1393 and 6169.
199
Calculate the highest common factor of 379 and 6443.
379
What is the greatest common factor of 279 and 1209?
93
What is the highest common divisor of 492 and 12?
12
What is the highest common factor of 18 and 1773?
9
Calculate the greatest common factor of 6102 and 904.
226
What is the highest common divisor of 11 and 6127?
11
What is the highest common divisor of 49 and 2891?
49
Calculate the highest common factor of 22 and 32.
2
Calculate the highest common divisor of 10224 and 240.
48
What is the greatest common divisor of 80 and 895?
5
What is the greatest common factor of 6936 and 24?
24
Calculate the highest common divisor of 136 and 3026.
34
Calculate the highest common factor of 901 and 85.
17
Calculate the highest common divisor of 963 and 42051.
321
Calculate the greatest common divisor of 12005 and 245.
245
Calculate the greatest common factor of 45 and 25.
5
Calculate the greatest common factor of 108 and 117.
9
Calculate the highest common factor of 49 and 714.
7
What is the highest common factor of 20 and 370?
10
What is the greatest common factor of 52 and 2344?
4
What is the greatest common divisor of 308 and 1652?
28
Calculate the greatest common divisor of 1071 and 2448.
153
What is the greatest common divisor of 165270 and 42?
42
Calculate the highest common factor of 5933 and 17.
17
Calculate the highest common divisor of 119 and 187.
17
What is the greatest common divisor of 286 and 130?
26
Calculate the highest common divisor of 177 and 4543.
59
What is the highest common factor of 18 and 768?
6
Calculate the highest common divisor of 637 and 49.
49
Calculate the highest common factor of 2899 and 13.
13
Calculate the greatest common factor of 35 and 189.
7
Calculate the highest common factor of 6099 and 3.
3
Calculate the greatest common divisor of 1080 and 40.
40
Calculate the highest common factor of 10746 and 54.
54
Calculate the greatest common factor of 312 and 1176.
24
Calculate the greatest common divisor of 352 and 14784.
352
What is the highest common divisor of 970 and 10?
10
What is the highest common divisor of 55 and 51645?
55
Calculate the greatest common divisor of 1456 and 1872.
208
Calculate the greatest common factor of 47 and 73.
1
What is the greatest common factor of 12 and 2520?
12
Calculate the greatest common factor of 84 and 546.
42
What is the greatest common divisor of 9 and 819?
9
Calculate the highest common factor of 144 and 81.
9
Calculate the greatest common divisor of 164 and 1558.
82
Calculate the greatest common divisor of 1075 and 86.
43
What is the greatest common divisor of 72 and 954?
18
Calculate the highest common factor of 28 and 1106.
14
Calculate the highest common divisor of 77 and 143.
11
Calculate the highest common factor of 236 and 12.
4
What is the greatest common factor of 684 and 63?
9
What is the greatest common divisor of 6624 and 207?
207
What is the highest common factor of 6042 and 342?
114
Calculate the highest common divisor of 29 and 85753.
29
Calculate the greatest common factor of 2 and 50.
2
Calculate the greatest common divisor of 176 and 11.
11
Calculate the greatest common factor of 900 and 84.
12
What is the highest common factor of 161 and 35?
7
What is the greatest common divisor of 16929 and 95?
19
Calculate the greatest common factor of 1457 and 141.
47
Calculate the greatest common divisor of 31 and 155.
31
What is the greatest common factor of 315 and 560?
35
Calculate the highest common divisor of 13185 and 18.
9
What is the greatest common factor of 2919 and 21?
21
What is the highest common divisor of 68 and 289?
17
Calculate the greatest common factor of 35 and 51065.
35
Calculate the highest common factor of 624 and 768.
48
What is the greatest common divisor of 12650 and 44?
22
What is the highest common divisor of 1458 and 12?
6
Calculate the highest common divisor of 323 and 19.
19
What is the greatest common factor of 1133 and 11?
11
Calculate the greatest common factor of 1273 and 19.
19
Calculate the greatest common factor of 7296 and 285.
57
Calculate the greatest common divisor of 6570 and 630.
90
What is the greatest common divisor of 2400 and 8?
8
What is the highest common divisor of 150 and 1725?
75
What is the highest common divisor of 5893 and 71?
71
What is the highest common divisor of 528 and 363?
33
What is the highest common factor of 2 and 94?
2
What is the greatest common factor of 105 and 120?
15
Calculate the highest common divisor of 352 and 88.
88
What is the greatest common factor of 299 and 437?
23
What is the greatest common factor of 78 and 2262?
78
What is the highest common factor of 26 and 32422?
26
What is the greatest common divisor of 69 and 9?
3
Calculate the greatest common divisor of 285 and 60.
15
What is the greatest common divisor of 585 and 27?
9
Calculate the greatest common factor of 12 and 20.
4
Calculate the greatest common divisor of 1215 and 90.
45
Calculate the highest common factor of 75 and 55.
5
Calculate the highest common divisor of 240 and 17616.
48
What is the greatest common factor of 119 and 19397?
119
What is the highest common divisor of 513 and 72?
9
Calculate the greatest common factor of 1728 and 162.
54
Calculate the greatest common divisor of 6795 and 45.
45
Calculate the highest common factor of 981 and 207.
9
What is the highest common divisor of 128 and 208?
16
What is the highest common factor of 630 and 90?
90
Calculate the greatest common factor of 1734 and 204.
102
Calculate the highest common factor of 46 and 2.
2
What is the greatest common factor of 768 and 12?
12
What is the highest common divisor of 23522 and 38?
38
What is the highest common factor of 405 and 5?
5
What is the greatest common factor of 108 and 36?
36
What is the greatest common factor of 3024 and 224?
112
What is the highest common divisor of 26 and 104?
26
Calculate the highest common divisor of 206 and 1957.
103
What is the greatest common divisor of 342 and 414?
18
Calculate the greatest common factor of 310 and 2666.
62
Calculate the highest common divisor of 212 and 53.
53
What is the greatest common factor of 3381 and 92?
23
What is the highest common factor of 108 and 15156?
36
What is the highest common factor of 48 and 78?
6
What is the highest common divisor of 6634 and 124?
62
Calculate the highest common divisor of 144 and 648.
72
Calculate the greatest common divisor of 715 and 110.
55
What is the greatest common divisor of 18 and 378?
18
What is the greatest common divisor of 25653 and 408?
51
Calculate the greatest common divisor of 12 and 9948.
12
Calculate the highest common divisor of 851 and 333.
37
What is the highest common factor of 44 and 4?
4
What is the greatest common divisor of 3131 and 808?
101
What is the highest common divisor of 578 and 34?
34
What is the greatest common divisor of 60 and 348?
12
What is the highest common divisor of 14 and 322?
14
Calculate the highest common factor of 3252 and 12.
12
What is the greatest common divisor of 45 and 120?
15
What is the highest common factor of 6 and 179?
1
What is the greatest common divisor of 88 and 132?
44
What is the highest common factor of 86 and 2795?
43
Calculate the highest common divisor of 28 and 16.
4
Calculate the highest common factor of 70 and 742.
14
What is the highest common divisor of 851 and 1591?
37
What is the greatest common divisor of 806 and 186?
62
Calculate the greatest common factor of 408 and 168.
24
What is the highest common factor of 59 and 885?
59
Calculate the greatest common divisor of 5 and 15640.
5
What is the highest common factor of 24 and 81?
3
Calculate the greatest common factor of 2121 and 35.
7
What is the greatest common factor of 4 and 236?
4
Calculate the highest common factor of 40 and 16.
8
What is the greatest common factor of 54 and 18?
18
Calculate the greatest common divisor of 17 and 697.
17
What is the highest common factor of 715 and 165?
55
What is the greatest 